{"id":78,"date":"2023-08-29T16:09:09","date_gmt":"2023-08-29T19:09:09","guid":{"rendered":"https:\/\/portifolio.id3sistemas.com.br\/amoreljoias\/?post_type=product&#038;p=78"},"modified":"2023-08-29T16:11:51","modified_gmt":"2023-08-29T19:11:51","slug":"pulseira-decoracao-em-zirconia-prata","status":"publish","type":"product","link":"https:\/\/portifolio.id3sistemas.com.br\/amoreljoias\/produto\/pulseira-decoracao-em-zirconia-prata\/","title":{"rendered":"PULSEIRA DECORA\u00c7\u00c3O EM ZIRC\u00d4NIA PRATA"},"content":{"rendered":"","protected":false},"excerpt":{"rendered":"","protected":false},"featured_media":84,"comment_status":"open","ping_status":"closed","template":"","meta":[],"product_cat":[17],"product_tag":[],"_links":{"self":[{"href":"https:\/\/portifolio.id3sistemas.com.br\/amoreljoias\/wp-json\/wp\/v2\/product\/78"}],"collection":[{"href":"https:\/\/portifolio.id3sistemas.com.br\/amoreljoias\/wp-json\/wp\/v2\/product"}],"about":[{"href":"https:\/\/portifolio.id3sistemas.com.br\/amoreljoias\/wp-json\/wp\/v2\/types\/product"}],"replies":[{"embeddable":true,"href":"https:\/\/portifolio.id3sistemas.com.br\/amoreljoias\/wp-json\/wp\/v2\/comments?post=78"}],"wp:featuredmedia":[{"embeddable":true,"href":"https:\/\/portifolio.id3sistemas.com.br\/amoreljoias\/wp-json\/wp\/v2\/media\/84"}],"wp:attachment":[{"href":"https:\/\/portifolio.id3sistemas.com.br\/amoreljoias\/wp-json\/wp\/v2\/media?parent=78"}],"wp:term":[{"taxonomy":"product_cat","embeddable":true,"href":"https:\/\/portifolio.id3sistemas.com.br\/amoreljoias\/wp-json\/wp\/v2\/product_cat?post=78"},{"taxonomy":"product_tag","embeddable":true,"href":"https:\/\/portifolio.id3sistemas.com.br\/amoreljoias\/wp-json\/wp\/v2\/product_tag?post=78"}],"curies":[{"name":"wp","href":"https:\/\/api.w.org\/{rel}","templated":true}]}}